remainder when 8141 is divided by 3509?
1123
What is the remainder when 1545 is divided by 514?
3
What is the remainder when 723661 is divided by 16?
13
Calculate the remainder when 404670 is divided by 85.
70
Calculate the remainder when 2731966 is divided by 136.
134
What is the remainder when 1048053 is divided by 35?
13
What is the remainder when 99716 is divided by 43?
42
Calculate the remainder when 29253 is divided by 53.
50
What is the remainder when 3788587 is divided by 21?
19
Calculate the remainder when 227910 is divided by 25.
10
What is the remainder when 77327 is divided by 95?
92
What is the remainder when 2577 is divided by 429?
3
Calculate the remainder when 28714 is divided by 127.
12
Calculate the remainder when 214185 is divided by 21.
6
Calculate the remainder when 5292 is divided by 589.
580
What is the remainder when 18833 is divided by 13?
9
What is the remainder when 2561 is divided by 520?
481
What is the remainder when 148197 is divided by 81?
48
What is the remainder when 7899 is divided by 465?
459
Calculate the remainder when 64886 is divided by 10807.
44
Calculate the remainder when 15941 is divided by 320.
261
Calculate the remainder when 105693 is divided by 16.
13
What is the remainder when 32563 is divided by 36?
19
Calculate the remainder when 2345 is divided by 264.
233
Calculate the remainder when 92085 is divided by 397.
378
Calculate the remainder when 37377 is divided by 1495.
2
What is the remainder when 18761 is divided by 608?
521
What is the remainder when 4686 is divided by 97?
30
What is the remainder when 389365 is divided by 14?
11
Calculate the remainder when 25051 is divided by 216.
211
Calculate the remainder when 270830 is divided by 90271.
17
What is the remainder when 883 is divided by 515?
368
What is the remainder when 535443 is divided by 2298?
9
Calculate the remainder when 2868778 is divided by 20.
18
Calculate the remainder when 25224 is divided by 950.
524
Calculate the remainder when 265564 is divided by 2091.
7
Calculate the remainder when 247729 is divided by 357.
328
Calculate the remainder when 36814 is divided by 36803.
11
Calculate the remainder when 9789 is divided by 1049.
348
What is the remainder when 130765 is divided by 192?
13
Calculate the remainder when 8939 is divided by 303.
152
Calculate the remainder when 185129 is divided by 348.
341
What is the remainder when 221148 is divided by 43?
42
Calculate the remainder when 40363 is divided by 8072.
3
What is the remainder when 1925038 is divided by 1040?
1038
What is the remainder when 6250 is divided by 2061?
67
What is the remainder when 43731 is divided by 29?
28
What is the remainder when 96660 is divided by 320?
20
What is the remainder when 3738622 is divided by 254?
250
What is the remainder when 21286 is divided by 47?
42
What is the remainder when 87308 is divided by 618?
170
What is the remainder when 454 is divided by 234?
220
Calculate the remainder when 28113 is divided by 876.
81
Calculate the remainder when 3650 is divided by 135.
5
What is the remainder when 34299 is divided by 17019?
261
Calculate the remainder when 114538 is divided by 1660.
1658
Calculate the remainder when 33477 is divided by 11155.
12
Calculate the remainder when 7162 is divided by 50.
12
Calculate the remainder when 11429 is divided by 1989.
1484
Calculate the remainder when 2097 is divided by 20.
17
What is the remainder when 272578 is divided by 295?
293
Calculate the remainder when 84999 is divided by 1000.
999
Calculate the remainder when 42336 is divided by 7053.
18
Calculate the remainder when 365828 is divided by 140.
8
Calculate the remainder when 19424 is divided by 1926.
164
Calculate the remainder when 31138 is divided by 10358.
64
What is the remainder when 57054 is divided by 935?
19
What is the remainder when 52864 is divided by 801?
799
What is the remainder when 4691108 is divided by 655?
653
What is the remainder when 15112 is divided by 135?
127
Calculate the remainder when 129201 is divided by 165.
6
Calculate the remainder when 28697 is divided by 31.
22
What is the remainder when 9804 is divided by 2704?
1692
Calculate the remainder when 55891 is divided by 2660.
31
What is the remainder when 169612 is divided by 5?
2
What is the remainder when 15914 is divided by 370?
4
Calculate the remainder when 5057 is divided by 86.
69
Calculate the remainder when 42465 is divided by 1464.
9
What is the remainder when 150301 is divided by 171?
163
What is the remainder when 23620 is divided by 315?
310
Calculate the remainder when 1358013 is divided by 68.
53
What is the remainder when 3738 is divided by 65?
33
Calculate the remainder when 2415 is divided by 1187.
41
Calculate the remainder when 4912 is divided by 628.
516
What is the remainder when 1672 is divided by 222?
118
What is the remainder when 59243 is divided by 59232?
11
Calculate the remainder when 5773 is divided by 190.
73
What is the remainder when 52297 is divided by 240?
217
What is the remainder when 605 is divided by 536?
69
What is the remainder when 1859 is divided by 1775?
84
Calculate the remainder when 10075 is divided by 1671.
49
What is the remainder when 2013790 is divided by 264?
262
What is the remainder when 111162 is divided by 37051?
9
What is the remainder when 13934 is divided by 4619?
77
What is the remainder when 2777 is divided by 251?
16
Calculate the remainder when 25299 is divided by 177.
165
What is the remainder when 9666 is divided by 606?
576
Calculate the remainder when 19847 is divided by 97.
59
What is the remainder when 5680 is divided by 62?
38
What is the remainder when 446707 is divided by 10?
7
Calculate the remainder when 640189 is divided by 448.
445
What is the remainder when 141480 is divided by 254?
2
What is the remainder when 409750 is divided by 160?
150
What is the remainder when 94184 is divided by 311?
262
Calculate the remainder when 21307 is divided by 99.
22
What is the remainder when 70708 is divided by 296?
260
What is the remainder when 12166 is divided by 2015?
76
What is the remainder when 17182 is divided by 24?
22
What is the remainder when 347625 is divided by 982?
979
What is the remainder when 8696 is divided by 335?
321
What is the remainder when 2454 is divided by 1199?
56
What is the remainder when 916 is divided by 895?
21
What is the remainder when 19193 is divided by 6370?
83
Calculate the remainder when 99735 is divided by 2035.
20
What is the remainder when 31936 is divided by 530?
136
What is the remainder when 2874 is divided by 1750?
1124
What is the remainder when 7465 is divided by 9?
4
What is the remainder when 10697 is divided by 2667?
29
What is the remainder when 42254 is divided by 1362?
32
What is the remainder when 1062512 is divided by 17418?
14
What is the remainder when 302722 is divided by 108?
106
What is the remainder when 6062 is divided by 554?
522
What is the remainder when 391 is divided by 33?
28
Calculate the remainder when 2604 is divided by 33.
30
Calculate the remainder when 2451 is divided by 246.
237
What is the remainder when 199952 is divided by 378?
368
What is the remainder when 10636 is divided by 213?
199
Calculate the remainder when 4610 is divided by 44.
34
Calculate the remainder when 5788 is divided by 2894.
0
Calculate the remainder when 3482 is divided by 3405.
77
What is the remainder when 619 is divided by 121?
14
What is the remainder when 9163 is divided by 150?
13
Calculate the remainder when 771 is divided by 254.
9
Calculate the remainder when 48045 is divided by 873.
30
Calculate the remainder when 213005 is divided by 1420.
5
What is the remainder when 1258 is divided by 45?
43
Calculate the remainder when 237879 is divided by 1416.
1407
Calculate the remainder when 39798 is divided by 39781.
17
What is the remainder when 5649 is divided by 2822?
5
Calculate the remainder when 118485 is divided by 119.
80
What is the remainder when 2689 is divided by 94?
57
What is the remainder when 4778 is divided by 9?
8
Calculate the remainder when 60077 is divided by 17.
16
Calculate the remainder when 717 is divided by 4.
1
Calculate the remainder when 28144 is divided by 300.
244
Calculate the remainder when 1156 is divided by 191.
10
Calcul